*2 - 39*o - 232. Calculate m(-8).
16
Let l(q) = -3217*q - 3217. What is l(-1)?
0
Let i(w) = 2*w**3 + 40*w**2 + 4*w - 590. Give i(-19).
56
Let c(z) = z**3 + 67*z**2 + 367*z + 56. Calculate c(-61).
-5
Let b(v) = 8*v**2 + 214*v + 39. Determine b(-27).
93
Let j(d) = d**3 - 4*d**2 - 8*d - 10. Determine j(-2).
-18
Let n(v) = 14*v**2 + 5*v + 7. Give n(-1).
16
Let v(q) = -40*q**2 + 759*q + 18. Calculate v(19).
-1
Let x(r) = r**2 + 69*r + 836. Give x(-54).
26
Let m(b) = 378*b - 19267. Calculate m(51).
11
Let l(w) = w**3 - 73*w**2 - 139*w - 833. What is l(75)?
-8
Let x(v) = v**2 - 26*v - 224. Give x(33).
7
Let r(d) = 7*d**2 + 12*d + 8. Determine r(-3).
35
Let v(b) = b**2 + 13093*b + 91601. Calculate v(-7).
-1
Let k(u) = 170*u + 5251. Give k(-31).
-19
Let c(r) = -r**2 + 40*r + 272. Give c(45).
47
Let h(g) = 50*g + 66. Calculate h(-1).
16
Let h(r) = -r**3 - 124*r**2 - 503*r - 2761. Calculate h(-120).
-1
Let h(f) = -31*f**3 + 15*f**2 - 17*f + 3. Determine h(1).
-30
Let c(f) = -3045*f - 6032. Give c(-2).
58
Let n(a) = a**2 + 4*a + 17. Give n(-7).
38
Let u(t) = -t**2 - 6*t + 190. What is u(-14)?
78
Let c(h) = 5*h - 85. Determine c(11).
-30
Let x(u) = -u**3 - 38*u**2 + 41*u - 37. Calculate x(-39).
-115
Let k(p) = p**3 - 7*p**2 + 16*p + 32. Calculate k(7).
144
Let r(t) = 34*t - 45. Calculate r(7).
193
Let i(a) = -15*a + 116. Calculate i(7).
11
Let l(h) = -79*h - 39. Determine l(-1).
40
Let v(m) = -83*m**2 - 586*m + 5. What is v(-7)?
40
Let j(p) = 40*p**3 - 360*p**2 - 9*p - 7. Calculate j(9).
-88
Let a(r) = 2*r**3 + 6*r**2 - r + 13. What is a(-3)?
16
Let o(m) = 44*m - 4. Calculate o(1).
40
Let n(q) = -3*q**2 + 24*q + 546. What is n(-11)?
-81
Let p(b) = -2*b**3 + 111*b**2 + 191*b - 1118. Determine p(57).
22
Let m(q) = q**2 + 25*q + 78. Determine m(-14).
-76
Let l(a) = a**2 - 19*a - 253. Give l(23).
-161
Let q(n) = 2*n**2 - 61*n - 178. Determine q(35).
137
Let f(r) = r**2 - 9*r - 136. Give f(18).
26
Let h(r) = -2*r**3 - 56*r**2 - 389*r + 27. Give h(-15).
12
Let f(x) = x**3 + 16*x**2 - 38*x - 154. Calculate f(-18).
-118
Let f(g) = -289*g + 833. Calculate f(2).
255
Let g(i) = 3895*i**2 + 38954*i + 33. Give g(-10).
-7
Let f(a) = 3*a**2 - 22*a + 2. Give f(7).
-5
Let g(z) = 32*z + 2238. Calculate g(-70).
-2
Let v(l) = 605*l - 3624. Calculate v(6).
6
Let s(a) = -61*a - 16. Calculate s(-4).
228
Let q(l) = 394*l + 5522. Calculate q(-14).
6
Let d(w) = -211*w + 605. Determine d(4).
-239
Let d(c) = 59*c + 9962. Calculate d(-169).
-9
Let x(f) = f**2 + 35*f + 93. Give x(-3).
-3
Let u(g) = -3*g**2 - 7*g - 11. What is u(5)?
-121
Let k(y) = -y**3 - 8*y**2 - 7*y - 12. Determine k(-7).
-12
Let b(r) = -r**2 - 159*r - 2542. Calculate b(-18).
-4
Let p(v) = 307*v + 20. Give p(0).
20
Let d(y) = -36*y + 11. Give d(8).
-277
Let w(g) = 2*g**3 + 253*g**2 - 157*g - 3861. Calculate w(-127).
-51
Let p(n) = -n**3 - 14*n**2 + 581*n + 177. What is p(-32)?
17
Let m(j) = j**3 + 13*j**2 - 49*j - 736. Calculate m(-12).
-4
Let g(p) = -617*p**2 + 309*p - 310. Calculate g(1).
-618
Let f(t) = -2167*t**2 - 13002*t. Calculate f(-6).
0
Let w(i) = -i**3 - 43*i**2 + 47*i + 136. Determine w(-44).
4
Let j(n) = 110*n - 340. Calculate j(3).
-10
Let s(l) = 9*l**2 - 81*l + 74. Give s(10).
164
Let i(a) = -a**3 - 16*a**2 - 60*a + 9. Determine i(-6).
9
Let u(y) = y**3 - 42*y**2 - 288*y - 67. Calculate u(48).
-67
Let t(r) = -55*r - 10936. What is t(-199)?
9
Let w(r) = 26*r - 1359. Determine w(53).
19
Let q(s) = -64*s - 230. Determine q(-4).
26
Let c(i) = -16*i - 58. Give c(6).
-154
Let a(w) = -321*w**2 - 968*w - 7. Determine a(-3).
8
Let c(x) = -2*x. What is c(-10)?
20
Let z(c) = 639*c - 33869. What is z(53)?
-2
Let g(s) = s**2 - 17*s - 342. Calculate g(-14).
92
Let s(f) = -684*f + 7523. Determine s(11).
-1
Let a(q) = 3208*q + 105853. What is a(-33)?
-11
Let r(x) = 4*x**3 - 12*x**2 - 68*x - 6. Determine r(-3).
-18
Let j(b) = 19*b + 750. Determine j(-33).
123
Let f(m) = -1389*m - 11156. What is f(-8)?
-44
Let i(p) = 188*p - 1381. Give i(9).
311
Let q(t) = 15*t - 18. Calculate q(13).
177
Let r(z) = 372*z - 6689. Calculate r(18).
7
Let n(z) = -4*z**2 - 178*z + 584. Give n(3).
14
Let j(y) = -3402*y - 17003. Determine j(-5).
7
Let l(j) = -3*j**3 - 6*j**2 - 28*j. Calculate l(-4).
208
Let d(k) = 12*k**2 + 34*k + 19. Calculate d(-2).
-1
Let n(w) = 17*w + 24. Determine n(2).
58
Let m(r) = 2*r**2 + 290*r + 10449. Determine m(-67).
-3
Let l(n) = n**3 - 87*n**2 + 90*n - 340. Determine l(86).
4
Let n(o) = -173*o - 3476. What is n(-20)?
-16
Let o(h) = -h**3 + 9*h**2 - 51*h + 811. What is o(11)?
8
Let h(i) = -4*i**3 - 92*i**2 - 7*i + 168. Determine h(-23).
329
Let d(p) = -3*p**2 - 58*p + 55. Calculate d(-22).
-121
Let s(b) = -b**2 + 181*b + 14761. What is s(-61)?
-1
Let p(h) = 84*h + 2446. Determine p(-29).
10
Let d(o) = o**2 + 107*o - 331. Calculate d(-110).
-1
Let p(r) = 1567*r + 10979. What is p(-7)?
10
Let g(p) = -154*p**2 - 53*p - 53. Calculate g(-1).
-154
Let o(y) = 44*y**2 - 653*y - 111. What is o(15)?
-6
Let y(l) = -l**2 + 3*l + 12. What is y(4)?
8
Let g(l) = 3*l**2 - 7*l - 22. Determine g(-4).
54
Let a(v) = 3*v**3 + 51*v**2 - 9*v - 116. Give a(-17).
37
Let n(d) = 2*d**2 - 250*d - 1307. What is n(-5)?
-7
Let x(l) = -l**3 + 91*l**2 + 184*l + 221. What is x(93)?
35
Let j(o) = -o**2 + 196*o + 598. What is j(-3)?
1
Let x(d) = 24*d**3 - 1178*d**2 + 96*d + 93. Determine x(49).
-5
Let i(g) = -76*g**2 - 614*g - 54. Determine i(-8).
-6
Let w(d) = -12*d - 1739. Determine w(-68).
-923
Let s(v) = v**3 + 73*v**2 + 7*v + 59. Determine s(-73).
-452
Let o(k) = -191*k + 23667. What is o(124)?
-17
Let y(g) = 5*g**3 - 5*g**2 + 1. Determine y(4).
241
Let a(w) = 12*w**2 + 16*w - 174. Calculate a(-5).
46
Let m(i) = -21*i - 52. Calculate m(-17).
305
Let z(v) = 41*v + 2897. Determine z(-69).
68
Let f(t) = 31*t**2 + 160*t + 27. What is f(-5)?
2
Let b(k) = -243*k + 237. Determine b(1).
-6
Let h(x) = x**3 - 5*x**2 + x - 15. Calculate h(4).
-27
Let x(s) = 10*s**2 + 88*s - 87. Calculate x(1).
11
Let n(s) = -8*s**3 + 14*s + 17. Determine n(-2).
53
Let v(y) = y**3 + 45*y**2 - 33*y + 243. Determine v(-46).
-355
Let a(d) = 258*d - 4130. Give a(16).
-2
Let h(q) = 954*q + 38155. Give h(-40).
-5
Let a(r) = -369*r - 7822. What is a(-21)?
-73
Let l(t) = 55*t**2 - 537*t - 7. Give l(10).
123
Let r(b) = 73*b - 4025. Calculate r(58).
209
Let j(v) = 2*v**2 + 100*v + 737. What is j(-41)?
-1
Let b(k) = -k**2 - 141*k - 1512. Calculate b(-12).
36
Let v(m) = -m**2 + 10*m + 17. Give v(14).
-39
Let d(f) = 706*f + 2893. Give d(-4).
69
Let q(v) = 2*v**2 + 1142*v - 4591. What is q(4)?
9
Let p(m) = -m**2 - 5*m + 1289. Give p(-28).
645
Let u(v) = -13*v**2 - 8*v + 145. Give u(3).
4
Let c(d) = d**2 - 34*d + 187. Calculate c(25).
-38
Let z(n) = 37*n + 386. Calculate z(-12).
-58
Let g(s) = -9*s**2 - s + 3. Give g(-3).
-75
Let j(r) = 4*r - 758. Determine j(187).
-10
Let z(j) = -2*j**3 + 58*j**2 + 60*j - 45. What is z(30)?
-45
Let f(h) = 129*h - 394. What is f(3)?
-7
Let y(l) = 3037*l + 75922. Determine y(-25).
-3
Let v(k) = 2*k**3 - 118*k**2 + 2*k + 163. What is v(59)?
281
Let o(f) = 3*f**3 + 34*f**2 + 4*f - 26. Calculate o(-11).
51
Let i(l) = l**3 - 11*l**2 + 25*l - 39. Determine i(6).
-69
Let i(w) = -10*w - 86. Give i(-19).
104
Let l(d) = -410*d + 56175. Calculate l(137).
5
Let x(d) = 839*d - 36887. What is x(44)?
29
Let u(g) = -g - 183. Calculate u(-35).
-148
Let u(q) = -2*q**2 - 12*q - 17. What is u(-6)?
-17
Let b(l) = -13*l - 509. Determine b(-38).
-15
Let a(j) = -j**2 + 26*j + 203. What is a(-8)?
-69
Let d(z) = -182*z - 484. Give d(-3).
62
Let f(s) = 52*s + 23. What is f(0)?
23
Let z(x) = 11*x - 186. What is z(-13)?
-329
Let x(r) = 18*r + 286. Calculate x(-19).
-56
Let m(h) = -2*h**3 + 81*h**2 - 36*h - 163. Determine m(40).
-3
Let s(u) = 3*u**2 + 77*u + 294. What is s(-4)?
34
Let u(c) = -c**3 - c**2 - 51*c - 273. Calculate u(-5).
82
Let r(p) = -15*p. What is r(-8)?
120
Let w(d) = d**3 - 9*d**2 + 6*d + 10. Calculate w(8).
-6
Let p(z) = -7*z**2 - 218*z - 8. Determine p(-29).
427
Let c(x) = x**3 - 11*x**2 - 101*x - 424. Give c(18).
26
Let h(d) = -3*d**2 - 522*d + 2687. What is h(-179)?
2
Let z(l) = l**2 + 266*l + 11914. Determine z(-57).
1
Let t(f) = -89*f + 4092. Give t(46).
-2
Let i(w) = -6*w**2 - 395*w + 109. Determine i(-66).
43
Let h(o) = 3*o**3 + 34*o**2 - 14*o - 13. De